)?
5
Let r be (-1)/(-4) - (-46)/8. Suppose 290 = 2*m + 5*b, -2*m - 11*b = -7*b - 262. Calculate the remainder when m is divided by (-110)/(-6) - (-4)/r.
18
Let p = 308 + -154. Let c = p + -82. Let y = 108 - c. What is the remainder when 67 is divided by y?
31
Let r be (9 - (5 + 3))/(2/114). Suppose -5*c = 4*y + 2 - r, -y = -c - 7. Calculate the remainder when 68 is divided by y.
8
Calculate the remainder when 6492 is divided by (-1)/(8*6/(-720)).
12
Let k be 44 - (-4 - (-4 - 0)). Let i = -39 + k. Suppose -49 + 244 = i*u. Calculate the remainder when u is divided by 7.
4
Let x(u) be the first derivative of -19*u + 27*u + u**3 + 7*u**2 - 3*u - 19. What is the remainder when x(-11) is divided by 24?
22
Let y = -41 + 44. Suppose -65 = -0*p - 2*p - 5*v, -y*p + 110 = 5*v. Suppose 5*w + 6*r = 2*r + 654, r - 264 = -2*w. What is the remainder when w is divided by p?
44
Suppose 3*b + 0*b - 160 = -4*x, 5*x - 270 = -5*b. Suppose d - 39 = 4*t, -4*d - 4*t + 0*t + 56 = 0. What is the remainder when b is divided by d?
18
Let b be 13/39*(13 + -1). Suppose -16*j + 87 = b*y - 19*j, 0 = 4*j + 4. What is the remainder when 207 is divided by y?
18
Suppose n - 31 + 35 = 0. Let s(t) = 15*t + 88. What is the remainder when 501 is divided by s(n)?
25
Let f(b) = -b**3 - 63*b**2 + 125*b + 337. What is the remainder when f(-65) is divided by 3?
2
Suppose -5*o - 8 = -113. Let t = 1 + o. Suppose 0 = -343*c + 367*c - 2016. What is the remainder when c is divided by t?
18
Let g(d) = -2484*d - 4888. What is the remainder when g(-2) is divided by 50?
30
Suppose -964620 = 161*n - 506*n. What is the remainder when n is divided by 17?
8
Suppose 2*f = -2*f + 56. Suppose -5*s + 86 = 2*v - 71, 4*v = -2*s + 258. Calculate the remainder when v is divided by f.
5
Let o = -9 - -5. Let h be (-2 + 3)*o - (-5720)/(-2). What is the remainder when 141 is divided by (-4)/(-30) + h/(-120)?
21
Suppose -v = -17*y + 14*y + 1432, -4*v - 492 = -y. Let o = 543 - y. What is the remainder when o is divided by 35?
32
Suppose -3*u = -2*v - 75, 15*v + 57 = 3*u + 10*v. What is the remainder when u is divided by 16?
13
Let n(v) = 82*v**2 - 6*v - 3. What is the remainder when n(1) is divided by 25?
23
Suppose b = -2*w + 3042, -w - 226 = 2*b - 6304. Calculate the remainder when b is divided by 76.
74
Let j(a) = -12*a - 70. Let t be j(-15). Suppose -q + 12*q = t. Suppose 14*h = q*h + 132. What is the remainder when 95 is divided by h?
29
Let b(i) = -i**2 - 2*i - 2. Let d be b(-2). Suppose -4*w - 4*k + 256 = 0, -94 = -w + 7*k - 2*k. Calculate the remainder when w is divided by (-15)/d*(-14)/(-3).
34
Suppose 408 = 13*p - 7*p. Suppose 2*q + 5*l = -28 + p, -2*l + 8 = 0. What is the remainder when 26 is divided by q?
6
Suppose 2*f - 3*u - 1238 = 0, -f + 93 = 3*u - 517. What is the remainder when f is divided by 227?
162
Suppose 49 = -13*f + 205. What is the remainder when 334 is divided by f?
10
Suppose 0 = 95*b + 14793 - 62381 - 12832. What is the remainder when b is divided by 627?
9
Suppose 39*o - 3740 = -3623. Calculate the remainder when 23 is divided by o.
2
Let o be (-534)/(-30)*-1 - 2/10. Let d = o - -27. Calculate the remainder when 51 is divided by d.
6
Suppose 15*l + 9180 = 30*l + 21*l. Calculate the remainder when 530 is divided by l.
20
Let r be -1*39*(1 - 2). Let a be -4*6/24*-51. Suppose -r = -v - 2*v + 3*y, 5*y = 4*v - a. Calculate the remainder when 67 is divided by v.
11
Let z(p) = -90*p + 347. Let i be z(-4). Let k(h) = 23*h**2 - h. Calculate the remainder when 622/14 + 404/i is divided by k(-1).
21
Suppose 5*c + 105 = 9*y - 4*y, 4*c = 2*y - 40. Calculate the remainder when 4398 is divided by y.
20
Suppose 5*g - 109 = -4*c + 270, 443 = 5*c - 4*g. Let j be (c/14)/((2 - 0)/4). Let n(l) = -2*l + 42. What is the remainder when 45 is divided by n(j)?
13
Let p be -3*(-8 - 392/(-21)). Let m(k) = 8*k + 303. Calculate the remainder when m(p) is divided by 20.
7
Let a(r) = 5*r**3 - 2*r**2 - 2*r**3 - r**3 - r**3 + 8 + r. Suppose -65 + 65 = 2*c. What is the remainder when 26 is divided by a(c)?
2
Suppose n - 3 = 2*f, 4*f + 7 = -4*n + 19. Suppose n*v - m = 177, 4*v + m + 9 - 252 = 0. What is the remainder when 414 is divided by v?
54
Let p = -15 + 25. Suppose p*z + 17 = -243. Let d = 0 - z. What is the remainder when 48 is divided by d?
22
Suppose -r + f - 50 + 113 = 0, 266 = 4*r - 2*f. Calculate the remainder when 1464 is divided by r.
64
Let g = -441 + 129. Calculate the remainder when 153 is divided by 5/((-20)/g - 0).
75
Suppose 2*p + 66 = 4*p. What is the remainder when (-746)/1865 - (426/(-90))/((-2)/(-42)) is divided by p?
0
Let d = 3620 + -3364. What is the remainder when d is divided by 26?
22
Let m = -30803 - -30953. Calculate the remainder when 443 is divided by m.
143
Let d = -11 + 25. Suppose -5*g + 4*g = 3*w - 202, -4*g = w - 60. What is the remainder when w is divided by d?
12
Suppose -35 = -5*s, 0 = -2*a - 3*s - 2*s + 41. What is the remainder when 476 is divided by a?
2
Calculate the remainder when 687 is divided by (-20)/25 + ((-28008)/45)/(-8).
71
Let z be 8 + 1 + (85 - 90). Suppose 0 = -z*k + 4*p + 144, 6*k - 5*p - 116 = 3*k. Calculate the remainder when 150 is divided by k.
22
Let u = -453 - 145. Let k = 622 + u. What is the remainder when (8/1 + 1)*5 is divided by k?
21
Let c(j) = -j**3 - 117*j**2 - 36*j - 3827. Calculate the remainder when c(-117) is divided by 47.
9
Let x(d) = 17*d**2 + 264*d - 1066. Calculate the remainder when 1521 is divided by x(4).
211
Let l(m) = -4*m - 58. Suppose 3*j + 51 = 3*w, -3*j - 93 = 2*j - w. Calculate the remainder when 52 is divided by l(j).
16
Let x be (5/(-7) - -1) + 470/70. Suppose -x = 9*m - 10*m. Let r = 20 + -17. Calculate the remainder when m is divided by r.
1
Let s = 19352 - 19302. Calculate the remainder when 3720 is divided by s.
20
Suppose -2*y - w = -11, -8 + 3 = w. Suppose -j - 119 = -5*l, 42 = 7*l - 5*l + j. Suppose -19*i + 18*i + l = 0. Calculate the remainder when i is divided by y.
7
Let b(y) = y**2 - 55*y + 250. What is the remainder when 738 is divided by b(4)?
2
Suppose -4*d = -3*q + 310, 2*q + 5*d + 96 = 3*q. Suppose -q = -2*h + 3*g, 0*g = 2*g - 8. Calculate the remainder when -4 + 3 + h + -4 is divided by 8.
6
Suppose -3*p + 15 = 0, -5*q + 137 = 2*p + 22. Suppose 257*o + 90*o = -20677 + 78626. Calculate the remainder when o is divided by q.
20
Let o(b) = -b**2 + b + 117. Let g(f) = f + 4. Let j = -42 - -38. Let q be g(j). Calculate the remainder when o(q) is divided by 15.
12
Suppose 13*a - 27*a - 205 + 2151 = 0. What is the remainder when a is divided by 8?
3
What is the remainder when 12556 is divided by (140/(-60) + 2)/((-1)/273)?
89
Let d(a) = 116*a**2 - 35*a - 4. Calculate the remainder when d(3) is divided by 231.
11
Let r = 74 + -73. Let s be r*-6*4/(-2). Suppose 13*x - s*x = 32. Calculate the remainder when x is divided by 7.
4
Let s be -1*(-6 + (5 - -1)). Suppose 3*n + 4*z - 284 = s, 2*n - 5*z + 3*z - 180 = 0. Let c = -45 - -77. Calculate the remainder when n is divided by c.
28
Suppose 5*u = -4*i + 1988, 3*u + 2*i - 429 = 761. Calculate the remainder when u is divided by 66.
62
What is the remainder when (3/2)/(492/421480) is divided by 8?
5
Suppose -8500 = -491*o + 471*o. What is the remainder when o is divided by 87?
77
Calculate the remainder when 161 - -599 - (0 - 15) is divided by 145.
50
Let f = -5222 - -5888. Calculate the remainder when f is divided by 115.
91
Let r(m) = m**3 + 13*m**2 - 15*m + 2. Let j(d) = -d - 15. Let l be j(10). Let q = 11 + l. Calculate the remainder when 45 is divided by r(q).
13
Let z(q) = -475*q + 8730. Calculate the remainder when z(18) is divided by 170.
10
Let z(a) = a**3 + 8 + 264*a**2 - 4*a - 259*a**2 + 0*a**3 + 8*a. Let x be z(-4). Suppose -s - x*s = -333. Calculate the remainder when 257 is divided by s.
35
Let c = 201 + -187. Suppose -1602 = -11*q + 1445. Calculate the remainder when q is divided by c.
11
What is the remainder when 128 is divided by (7 + -4 + -10)*(-40)/28?
8
Suppose 9*x - 10085 - 634 = 0. Suppose -216 = 13*b - x. What is the remainder when b is divided by 26?
23
Calculate the remainder when 55 is divided by (-4 + 5)*(-8 - 6*32/(-8)).
7
Let j = 7559 - 7466. What is the remainder when 1581 is divided by j?
0
Suppose -5*u - 15 = 0, r + 9 - 18 = 2*u. What is the